{"id":781,"date":"2023-01-10T16:31:03","date_gmt":"2023-01-10T16:31:03","guid":{"rendered":"https:\/\/www.pinguboerse.ch\/?page_id=781"},"modified":"2024-08-07T12:09:44","modified_gmt":"2024-08-07T12:09:44","slug":"sponsoren","status":"publish","type":"page","link":"https:\/\/www.pinguboerse.ch\/index.php\/sponsoren\/","title":{"rendered":"Sponsoren"},"content":{"rendered":"\n<div id=\"wp-block-themeisle-blocks-advanced-columns-667b6221\" class=\"wp-block-themeisle-blocks-advanced-columns has-1-columns has-desktop-equal-layout has-tablet-equal-layout has-mobile-equal-layout has-vertical-unset\"><div class=\"wp-block-themeisle-blocks-advanced-columns-overlay\"><\/div><div class=\"innerblocks-wrap\">\n<div id=\"wp-block-themeisle-blocks-advanced-column-ae2d8396\" class=\"wp-block-themeisle-blocks-advanced-column\">\n<h4 class=\"wp-block-heading\"><strong>Wir danken allen Sponsoren f\u00fcr die Unterst\u00fctzung<\/strong><\/h4>\n\n\n\n<div style=\"height:58px\" aria-hidden=\"true\" class=\"wp-block-spacer\"><\/div>\n\n\n\n<p><strong>B\u00fcrgergemeinde Domat\/Ems<\/strong><\/p>\n\n\n\n<figure class=\"wp-block-image size-large is-resized is-style-default\"><a href=\"https:\/\/www.vb-domat.ch\/\" target=\"_blank\" rel=\"noopener\"><img loading=\"lazy\" decoding=\"async\" width=\"380\" height=\"87\" src=\"https:\/\/www.pinguboerse.ch\/wp-content\/uploads\/2023\/01\/logo-buergergemeindeEms-1.png\" alt=\"\" class=\"wp-image-780\" srcset=\"https:\/\/www.pinguboerse.ch\/wp-content\/uploads\/2023\/01\/logo-buergergemeindeEms-1.png 380w, https:\/\/www.pinguboerse.ch\/wp-content\/uploads\/2023\/01\/logo-buergergemeindeEms-1-300x69.png 300w\" sizes=\"auto, (max-width: 380px) 100vw, 380px\" \/><\/a><\/figure>\n\n\n\n<div style=\"height:30px\" aria-hidden=\"true\" class=\"wp-block-spacer\"><\/div>\n\n\n\n<p><strong>Gartenhotel Sternen, Domat\/Ems<\/strong><\/p>\n\n\n\n<figure class=\"wp-block-image size-full is-style-default\"><a href=\"https:\/\/www.gartenhotel-sternen.ch\/\" target=\"_blank\" rel=\"noreferrer noopener\"><img loading=\"lazy\" decoding=\"async\" width=\"438\" height=\"115\" src=\"https:\/\/www.pinguboerse.ch\/wp-content\/uploads\/2024\/08\/Logo-Sternen.png\" alt=\"\" class=\"wp-image-1039\" srcset=\"https:\/\/www.pinguboerse.ch\/wp-content\/uploads\/2024\/08\/Logo-Sternen.png 438w, https:\/\/www.pinguboerse.ch\/wp-content\/uploads\/2024\/08\/Logo-Sternen-300x79.png 300w\" sizes=\"auto, (max-width: 438px) 100vw, 438px\" \/><\/a><\/figure>\n\n\n\n<p><strong>Major StoneAge GmbH, Domat\/Ems<\/strong><\/p>\n\n\n\n<figure class=\"wp-block-image size-full is-resized is-style-default\"><a href=\"https:\/\/www.major-stoneage.ch\" target=\"_blank\" rel=\"noopener\"><img loading=\"lazy\" decoding=\"async\" width=\"924\" height=\"210\" src=\"https:\/\/www.pinguboerse.ch\/wp-content\/uploads\/2024\/01\/STONEAGE_LOGO_2022_CMYK.jpg\" alt=\"\" class=\"wp-image-988\" srcset=\"https:\/\/www.pinguboerse.ch\/wp-content\/uploads\/2024\/01\/STONEAGE_LOGO_2022_CMYK.jpg 924w, https:\/\/www.pinguboerse.ch\/wp-content\/uploads\/2024\/01\/STONEAGE_LOGO_2022_CMYK-300x68.jpg 300w, https:\/\/www.pinguboerse.ch\/wp-content\/uploads\/2024\/01\/STONEAGE_LOGO_2022_CMYK-768x175.jpg 768w, https:\/\/www.pinguboerse.ch\/wp-content\/uploads\/2024\/01\/STONEAGE_LOGO_2022_CMYK-500x114.jpg 500w\" sizes=\"auto, (max-width: 924px) 100vw, 924px\" \/><\/a><\/figure>\n\n\n\n<div style=\"height:30px\" aria-hidden=\"true\" class=\"wp-block-spacer\"><\/div>\n\n\n\n<p><strong>Wolf Druck AG, Triesen<\/strong><\/p>\n\n\n\n<figure class=\"wp-block-image size-large is-resized is-style-default\"><a href=\"http:\/\/wolf-druck.li\/\" target=\"_blank\" rel=\"noopener\"><img loading=\"lazy\" decoding=\"async\" width=\"916\" height=\"234\" src=\"https:\/\/www.pinguboerse.ch\/wp-content\/uploads\/2023\/01\/WolfDruck_Logo.png\" alt=\"\" class=\"wp-image-778\" srcset=\"https:\/\/www.pinguboerse.ch\/wp-content\/uploads\/2023\/01\/WolfDruck_Logo.png 916w, https:\/\/www.pinguboerse.ch\/wp-content\/uploads\/2023\/01\/WolfDruck_Logo-300x77.png 300w, https:\/\/www.pinguboerse.ch\/wp-content\/uploads\/2023\/01\/WolfDruck_Logo-768x196.png 768w\" sizes=\"auto, (max-width: 916px) 100vw, 916px\" \/><\/a><\/figure>\n\n\n\n<div style=\"height:30px\" aria-hidden=\"true\" class=\"wp-block-spacer\"><\/div>\n\n\n\n<p><strong>Ein herzliches Dankesch\u00f6n auch an alle unsere Helferinnen und Helfer, ohne die das Durchf\u00fchren der B\u00f6rsen nicht m\u00f6glich w\u00e4re.<\/strong><\/p>\n<\/div>\n<\/div><\/div>\n\n\n\n<p><\/p>\n","protected":false},"excerpt":{"rendered":"","protected":false},"author":1,"featured_media":0,"parent":0,"menu_order":0,"comment_status":"closed","ping_status":"closed","template":"","meta":{"_themeisle_gutenberg_block_has_review":false,"footnotes":""},"class_list":["post-781","page","type-page","status-publish","hentry"],"yoast_head":"<!-- This site is optimized with the Yoast SEO plugin v21.7 - https:\/\/yoast.com\/wordpress\/plugins\/seo\/ -->\n<title>Sponsoren - Pingub\u00f6rse<\/title>\n<meta name=\"robots\" content=\"index, follow, max-snippet:-1, max-image-preview:large, max-video-preview:-1\" \/>\n<link rel=\"canonical\" href=\"https:\/\/www.pinguboerse.ch\/index.php\/sponsoren\/\" \/>\n<meta property=\"og:locale\" content=\"de_DE\" \/>\n<meta property=\"og:type\" content=\"article\" \/>\n<meta property=\"og:title\" content=\"Sponsoren - Pingub\u00f6rse\" \/>\n<meta property=\"og:url\" content=\"https:\/\/www.pinguboerse.ch\/index.php\/sponsoren\/\" \/>\n<meta property=\"og:site_name\" content=\"Pingub\u00f6rse\" \/>\n<meta property=\"article:publisher\" content=\"https:\/\/de-de.facebook.com\/Pinguboerse\/\" \/>\n<meta property=\"article:modified_time\" content=\"2024-08-07T12:09:44+00:00\" \/>\n<meta property=\"og:image\" content=\"https:\/\/www.pinguboerse.ch\/wp-content\/uploads\/2023\/01\/logo-buergergemeindeEms-1.png\" \/>\n<meta name=\"twitter:card\" content=\"summary_large_image\" \/>\n<meta name=\"twitter:label1\" content=\"Gesch\u00e4tzte Lesezeit\" \/>\n\t<meta name=\"twitter:data1\" content=\"2\u00a0Minuten\" \/>\n<script type=\"application\/ld+json\" class=\"yoast-schema-graph\">{\"@context\":\"https:\/\/schema.org\",\"@graph\":[{\"@type\":\"WebPage\",\"@id\":\"https:\/\/www.pinguboerse.ch\/index.php\/sponsoren\/\",\"url\":\"https:\/\/www.pinguboerse.ch\/index.php\/sponsoren\/\",\"name\":\"Sponsoren - Pingub\u00f6rse\",\"isPartOf\":{\"@id\":\"https:\/\/www.pinguboerse.ch\/#website\"},\"datePublished\":\"2023-01-10T16:31:03+00:00\",\"dateModified\":\"2024-08-07T12:09:44+00:00\",\"breadcrumb\":{\"@id\":\"https:\/\/www.pinguboerse.ch\/index.php\/sponsoren\/#breadcrumb\"},\"inLanguage\":\"de\",\"potentialAction\":[{\"@type\":\"ReadAction\",\"target\":[\"https:\/\/www.pinguboerse.ch\/index.php\/sponsoren\/\"]}]},{\"@type\":\"BreadcrumbList\",\"@id\":\"https:\/\/www.pinguboerse.ch\/index.php\/sponsoren\/#breadcrumb\",\"itemListElement\":[{\"@type\":\"ListItem\",\"position\":1,\"name\":\"Startseite\",\"item\":\"https:\/\/www.pinguboerse.ch\/\"},{\"@type\":\"ListItem\",\"position\":2,\"name\":\"Sponsoren\"}]},{\"@type\":\"WebSite\",\"@id\":\"https:\/\/www.pinguboerse.ch\/#website\",\"url\":\"https:\/\/www.pinguboerse.ch\/\",\"name\":\"Fr\u00fchling und Herbst\",\"description\":\"Fr\u00fchling &amp; Herbst in Domat\/Ems\",\"potentialAction\":[{\"@type\":\"SearchAction\",\"target\":{\"@type\":\"EntryPoint\",\"urlTemplate\":\"https:\/\/www.pinguboerse.ch\/?s={search_term_string}\"},\"query-input\":\"required name=search_term_string\"}],\"inLanguage\":\"de\"}]}<\/script>\n<!-- \/ Yoast SEO plugin. -->","yoast_head_json":{"title":"Sponsoren - Pingub\u00f6rse","robots":{"index":"index","follow":"follow","max-snippet":"max-snippet:-1","max-image-preview":"max-image-preview:large","max-video-preview":"max-video-preview:-1"},"canonical":"https:\/\/www.pinguboerse.ch\/index.php\/sponsoren\/","og_locale":"de_DE","og_type":"article","og_title":"Sponsoren - Pingub\u00f6rse","og_url":"https:\/\/www.pinguboerse.ch\/index.php\/sponsoren\/","og_site_name":"Pingub\u00f6rse","article_publisher":"https:\/\/de-de.facebook.com\/Pinguboerse\/","article_modified_time":"2024-08-07T12:09:44+00:00","og_image":[{"url":"https:\/\/www.pinguboerse.ch\/wp-content\/uploads\/2023\/01\/logo-buergergemeindeEms-1.png"}],"twitter_card":"summary_large_image","twitter_misc":{"Gesch\u00e4tzte Lesezeit":"2\u00a0Minuten"},"schema":{"@context":"https:\/\/schema.org","@graph":[{"@type":"WebPage","@id":"https:\/\/www.pinguboerse.ch\/index.php\/sponsoren\/","url":"https:\/\/www.pinguboerse.ch\/index.php\/sponsoren\/","name":"Sponsoren - Pingub\u00f6rse","isPartOf":{"@id":"https:\/\/www.pinguboerse.ch\/#website"},"datePublished":"2023-01-10T16:31:03+00:00","dateModified":"2024-08-07T12:09:44+00:00","breadcrumb":{"@id":"https:\/\/www.pinguboerse.ch\/index.php\/sponsoren\/#breadcrumb"},"inLanguage":"de","potentialAction":[{"@type":"ReadAction","target":["https:\/\/www.pinguboerse.ch\/index.php\/sponsoren\/"]}]},{"@type":"BreadcrumbList","@id":"https:\/\/www.pinguboerse.ch\/index.php\/sponsoren\/#breadcrumb","itemListElement":[{"@type":"ListItem","position":1,"name":"Startseite","item":"https:\/\/www.pinguboerse.ch\/"},{"@type":"ListItem","position":2,"name":"Sponsoren"}]},{"@type":"WebSite","@id":"https:\/\/www.pinguboerse.ch\/#website","url":"https:\/\/www.pinguboerse.ch\/","name":"Fr\u00fchling und Herbst","description":"Fr\u00fchling &amp; Herbst in Domat\/Ems","potentialAction":[{"@type":"SearchAction","target":{"@type":"EntryPoint","urlTemplate":"https:\/\/www.pinguboerse.ch\/?s={search_term_string}"},"query-input":"required name=search_term_string"}],"inLanguage":"de"}]}},"_links":{"self":[{"href":"https:\/\/www.pinguboerse.ch\/index.php\/wp-json\/wp\/v2\/pages\/781","targetHints":{"allow":["GET"]}}],"collection":[{"href":"https:\/\/www.pinguboerse.ch\/index.php\/wp-json\/wp\/v2\/pages"}],"about":[{"href":"https:\/\/www.pinguboerse.ch\/index.php\/wp-json\/wp\/v2\/types\/page"}],"author":[{"embeddable":true,"href":"https:\/\/www.pinguboerse.ch\/index.php\/wp-json\/wp\/v2\/users\/1"}],"replies":[{"embeddable":true,"href":"https:\/\/www.pinguboerse.ch\/index.php\/wp-json\/wp\/v2\/comments?post=781"}],"version-history":[{"count":12,"href":"https:\/\/www.pinguboerse.ch\/index.php\/wp-json\/wp\/v2\/pages\/781\/revisions"}],"predecessor-version":[{"id":1042,"href":"https:\/\/www.pinguboerse.ch\/index.php\/wp-json\/wp\/v2\/pages\/781\/revisions\/1042"}],"wp:attachment":[{"href":"https:\/\/www.pinguboerse.ch\/index.php\/wp-json\/wp\/v2\/media?parent=781"}],"curies":[{"name":"wp","href":"https:\/\/api.w.org\/{rel}","templated":true}]}}